on divisor of r and q.
11
Let r = -4 + 2. Let k be 1 - -56 - r/(-1). Let t = 1770 - 1748. What is the greatest common factor of t and k?
11
Let l = -86 - -71. Let a be l*-8*4/40. Suppose 0 = -3*g - 15 + 51. What is the greatest common divisor of g and a?
12
Let x be -7 + ((-2)/(-5))/(-5 - 3462/(-690)). Let r be 1/(-3)*294/(-2). Suppose 0 = q - 31 - r. What is the greatest common factor of q and x?
16
Suppose 3*o = b - 0*b + 161, 255 = 5*o + b. Let x = o + -39. What is the highest common divisor of x and 247?
13
Suppose 1260 = 17*s - 2*s. Let x = -12 + 17. Suppose 178 = x*o - 32. Calculate the greatest common factor of s and o.
42
Suppose 3*t + t + 5*r = -685, 2*r - 650 = 4*t. Let f be (-2)/6 - (-7 + t/9). Calculate the greatest common divisor of f and 5.
5
Suppose t - 6*t - 4*q + 51 = 0, 4 = q. Suppose 0 - 25 = -5*u. Suppose -5*v + 2*c + 0*c = -9, -2*c + 1 = u*v. What is the greatest common divisor of v and t?
1
Let h = -37229 + 37231. Let n be -48*((-27)/6 + -1). Calculate the highest common factor of h and n.
2
Let j(b) = -47*b - 7. Let t be j(-1). Let r(a) = -a**2 - 12*a + 5. Let d be r(-10). Let v = 41 - d. What is the highest common factor of v and t?
8
Let c(l) = -2*l**3 + 40*l**2 + 574*l + 27. Let v be c(19). Calculate the greatest common factor of 518 and v.
259
Suppose -4*y = -135*w + 136*w - 9, 4*w - y = 2. Suppose -2*p + 4 = 0, -5*b + 3*b + 10 = -3*p. Calculate the greatest common divisor of w and b.
1
Let q(r) be the first derivative of r**2 - 15*r + 18 + 2/3*r**3. Let k be q(-10). Calculate the highest common factor of 15 and k.
15
Let t = -45 + 49. Let x be 36 + 0 - (-8 + (t - -2)). Calculate the greatest common factor of x and 266.
38
Let j = 207 - 205. Let s be 135 + 0 + 0 + -1 + j. What is the highest common factor of s and 16?
8
Let q = 147 + -68. Suppose -73*k + q*k - 1260 = 0. Calculate the highest common factor of k and 150.
30
Let t be 1/((-7)/42) - (-1888)/2. What is the greatest common factor of t and 134?
134
Let k = 5995 + -5980. What is the greatest common divisor of 75 and k?
15
Let s = -87 - -96. Let n be (54/(6 + -3))/(-2). Let f(d) = d**3 + 9*d**2 - 7*d. Let u be f(n). What is the greatest common divisor of u and s?
9
Suppose 4*h - 36 + 4 = 0. Let f be 482/h + 10 + 410/(-40). Let t be 2/(-7) - 2104/(-14). Calculate the highest common divisor of t and f.
30
Suppose -55*a = -26*a - 116. Let h be ((11 - a) + -10)/((-2)/648). Calculate the highest common factor of h and 18.
18
Let q(u) = 7*u**2 + 28*u - 3. Let s(p) = -p**2 - p. Let x(j) = -q(j) - 3*s(j). Let m be x(-6). What is the highest common factor of 36 and m?
9
Suppose -463 = 4*u - 4*m - 107, -4*u - 335 = 3*m. Let f = u + 146. Calculate the highest common factor of 180 and f.
60
Let i(b) = -21*b - 16. Let a(v) = v. Let z(t) = 6*a(t) + i(t). Let c be z(-8). Let k be 1*(-10 + -3)*-1. What is the greatest common divisor of k and c?
13
Suppose 22*t - 1542 = -4*t + 70. Suppose 2*h - 336 = 1648. Calculate the highest common factor of t and h.
62
Suppose 4*i + 979 - 1003 = 0. Let m(g) = 17*g**3 + 2*g - 2. Let s be m(2). Calculate the highest common divisor of i and s.
6
Suppose 4*c + 435 = 431. Let t be 5 + 7 - 8/c. What is the highest common factor of t and 80?
20
Let c(j) = 3*j**2 + 5*j + 53. Let l be c(10). Calculate the greatest common divisor of l and 62.
31
Suppose 3*m + 39*m - 12516 = 0. What is the highest common divisor of m and 2?
2
Let b = -8374 - -9506. What is the highest common factor of 12 and b?
4
Let l(j) be the third derivative of j**4/6 + 41*j**3/6 - 92*j**2. Let n be l(11). What is the greatest common factor of n and 1020?
85
Let f(r) = r**3 - 57*r**2 - 381*r + 83. Let z be f(68). Calculate the highest common factor of 73 and z.
73
Let t(c) = 3*c**2 - 1. Let l be t(-1). Let f be 7*l/2 + 1. Let i be (-11 - -4 - (-6)/(-1)) + (31 - -166). Calculate the greatest common divisor of f and i.
8
Suppose -14*h + 43*h = 665 + 379. What is the greatest common divisor of 984 and h?
12
Let m(w) = w**3 - 18*w**2 + 20*w - 31. Let o be m(17). Let s be ((-10)/3)/((-12)/18). Suppose 135 = s*n - 65. Calculate the highest common factor of o and n.
20
Let b(r) = -r - 6. Suppose -2*u = -m - 2, -5*m - 12 + 2 = 0. Suppose u = -5*z + 7*z + 22. Let p be b(z). What is the greatest common divisor of 20 and p?
5
Let h = 516 + -335. Suppose -u = -2*a - 29, 2*u - 6*u + h = 5*a. Calculate the greatest common divisor of 91 and u.
13
Suppose -2*v + 6*v = 5*z - 5, 2*z - 2*v = 0. Suppose z*q - 48 = 72. Let d be (-2)/3 + q/9. Calculate the greatest common factor of 18 and d.
2
Suppose 157 = 3*y + 11*c - 13*c, 0 = 3*y - 5*c - 172. Suppose 37 - 2732 = -11*m. What is the highest common divisor of y and m?
49
Let q = -9 - -24. Let p(m) = 8*m - 26. Let a be p(4). Let x(k) = 4*k**2 - 9. Let r be x(a). What is the greatest common factor of q and r?
15
Suppose 51 + 152 = -q. Let l = q + 222. Calculate the highest common divisor of l and 76.
19
Let w = -3753 + 5429. What is the highest common divisor of w and 8?
4
Let f = -11 - 16. Let i = f - -38. Let y = -145 - -200. Calculate the highest common factor of i and y.
11
Let v = 448 - 444. Suppose 4*c = v*n - 36, 0 = 4*n - 5*c - 48 + 7. Calculate the highest common divisor of 32 and n.
4
Let u be (1/3)/((-2)/12). Let b be u/(-10) + ((-48)/(-10) - 2). Suppose 6 = -b*q, 5*w - 4*q = -0*q + 588. Calculate the greatest common divisor of w and 29.
29
Let t be 28 + -1 - (-52 + 58). Let m(y) = -7*y + 177. Let n be m(t). Calculate the greatest common factor of 48 and n.
6
Suppose 14*y = 11*y + 2*o + 8, 5*y - 8 = -2*o. What is the greatest common divisor of 1018 and y?
2
Suppose -2*v + 4*a + 324 = v, 3*v = 2*a + 318. Suppose -51*l + 255*l - 314480 + 81104 = 0. What is the greatest common divisor of v and l?
104
Let r(b) = -78*b**3 - 2*b**2 + 7*b - 6. Let l be r(1). Let v = 91 + l. Calculate the greatest common factor of v and 12.
12
Suppose -3*t = -3*o - 14 + 98, -o = 2*t - 22. What is the highest common factor of o and 104?
26
Let r = 1904 - 1893. Calculate the highest common divisor of r and 2761.
11
Let r be (-954)/24 + 3/(-12). Let x = 145 + r. Calculate the highest common divisor of x and 6.
3
Suppose 0 = 68*l - 72*l + 8. Suppose 0 = -h + 3*j + 31, -j = -5*h - l*j + 203. Let c = -46 + 54. What is the highest common factor of h and c?
8
Let n(f) be the second derivative of f**4/6 - 7*f**3/6 + 5*f**2/2 - 118*f. Let z be n(5). What is the highest common factor of z and 30?
10
Suppose -5*f + 12980 = i, 0 = 362*f - 359*f + i - 7790. Calculate the greatest common factor of 15 and f.
15
Let t be (-1 - 34)/((-65)/78 - 0). Calculate the highest common factor of 1134 and t.
42
Let b(d) = -d - 33. Let q be b(-41). Suppose q*j - 1073 = -113. Calculate the highest common divisor of 48 and j.
24
Let d = 259 + -254. Suppose 0 = d*k + 10, -3*v - 5*k - 18 = -5*v. Calculate the greatest common factor of v and 76.
4
Suppose -2*i = 4*y - 2484 + 24, -2*i + 2516 = -3*y. Calculate the highest common divisor of i and 154.
14
Let v = -2955 - -3065. Calculate the highest common divisor of v and 295.
5
Let o(q) = 66*q - 5. Let h be o(4). Let r be 1 - (5/8 + 9/24). Let c be -37*(-1 - r/(-7)). What is the greatest common divisor of c and h?
37
Let b(i) = i + 36. Let p = -139 + 117. Let h be b(p). Calculate the highest common divisor of h and 574.
14
Let j(v) = 2*v + 21. Let a be j(11). Let k = 47 - a. Suppose 0 = 4*i + x - 173, -k*i + 91 = -4*x - 97. What is the highest common factor of i and 11?
11
Let i be 199 + ((-25)/(-5) - 11). Suppose -195*p + 44 = -i*p. What is the highest common divisor of 110 and p?
22
Let g = 1007 - 957. Suppose 12 = w + 2. What is the highest common divisor of g and w?
10
Let o be (6/(-18))/(6/(-2448)). Calculate the greatest common factor of o and 221.
17
Let r(m) = -7*m**3 - 12*m**2 + 3*m + 8. Let s(x) = -x**3 - x**2. Let v(a) = -r(a) + 6*s(a). Let f be v(-4). What is the greatest common factor of 90 and f?
18
Suppose 0 = 912*b - 940*b + 8736. What is the highest common factor of b and 2340?
156
Let k = 108 - 80. Let a = -15 + 0. Let d be 46/10 - (-9)/a. Calculate the highest common divisor of d and k.
4
Let s be (-8)/(-6) + (-1302)/(-9). Let r = s + -96. Suppose 3*i + 61 = 436. Calculate the highest common factor of i and r.
25
Suppose 0 = d -